 q(1). Suppose 4*x = t*n + 1017, -3 = 2*n + 3. Suppose -h - 3*h = -x. Calculate the highest common divisor of 7 and h.
7
Let k = 0 - -10. Suppose 3*b + 4*w = 17, 3*w = 4*b + 2*w - k. Let l = 8 - b. What is the highest common divisor of l and 10?
5
Let z be ((-399)/(-6))/(1/2). Let c(m) = 7*m**2 + 6*m - 21. Let p be c(2). Calculate the greatest common divisor of z and p.
19
Let v = 407 - -1315. What is the greatest common divisor of 41 and v?
41
Suppose 25*y - 1155 = -10*y. What is the highest common factor of y and 341?
11
Let o be (2/(-3))/((-2)/123). Suppose -7389*z = -7347*z - 6888. Calculate the highest common divisor of z and o.
41
Suppose 5*q - 1142 + 372 = 0. Suppose -168 = 25*l - 37*l. What is the greatest common factor of q and l?
14
Suppose j - 5 - 3 = 0. Let w = -10 + j. Let n be (-1)/2*w + 24. What is the highest common divisor of 175 and n?
25
Suppose z - 48 = -4*m + 4*z, 3*m + z = 23. Let u be 89 - 6/m*-3. Let v = u - 57. What is the highest common factor of 85 and v?
17
Suppose 16*g = 61*g - 1260. What is the highest common factor of 7 and g?
7
Let i = -35 - -79. Let t = i - 36. What is the greatest common factor of 24 and t?
8
Suppose -175*f + 172*f + 672 = 0. Let o = 5 - 26. Let w be o/(0 + (-3)/4). What is the highest common factor of f and w?
28
Suppose 7*p - 55 = 267. What is the highest common factor of p and 23?
23
Let n be 2/(-1)*62/(-4). Let i = -20384 - -20539. What is the greatest common factor of i and n?
31
Let u = -38 + 72. Let s = 56 - u. Calculate the highest common factor of 2 and s.
2
Suppose -q = -a - 2, 0*q - 5*q + 17 = 2*a. Suppose 3*g + z - 16 = 0, g - z - 1 = q*z. Let m = g - -1. Calculate the greatest common divisor of m and 1.
1
Let a(x) = 16*x + 15. Let d be a(-3). Let h = 47 + d. What is the highest common factor of 126 and h?
14
Let j = -533 - -1178. What is the highest common factor of j and 15?
15
Let t(u) = u**2 - 27*u - 22. Let p be t(29). Calculate the highest common factor of p and 99.
9
Suppose j + 3*u + 2*u = 44, 2*j = u + 132. Let n(t) = -t**3 - 2*t**2 + 4*t. Let x be n(-4). Suppose x = 2*i - 0. Calculate the highest common factor of i and j.
8
Let v be ((-24651)/(-21))/(-3) + 4/14. Let r = -279 - v. Calculate the highest common factor of r and 28.
28
Suppose 0 = 5*d + 5*h - 815, -237 - 569 = -5*d - 2*h. Calculate the greatest common divisor of 32 and d.
32
Let p be ((-20)/3)/(4/(-9)). What is the greatest common divisor of p and 135?
15
Let b = 230 + -161. Suppose 144 = 3*z + 6. Calculate the highest common divisor of b and z.
23
Suppose 2*i - 3*z + 2*z = 1, 2*i - 5*z = -11. Let u be -1 + ((-6)/i - -15). Calculate the highest common factor of u and 77.
11
Let r = 66 + -171. Let s = r + 155. What is the greatest common divisor of 5 and s?
5
Suppose -h - 5*n = -2*h + 33, 4*h = -4*n + 12. Let d(i) = i**3 + 10*i**2 - 2*i - 12. Let g be d(-10). What is the greatest common factor of g and h?
8
Suppose -6*q = -10*q + 156. What is the highest common factor of q and 104?
13
Suppose 240 = m + 4*y, -y = -4*m + 3*y + 980. Calculate the greatest common divisor of m and 4.
4
Let y = 1440 - 1335. What is the greatest common factor of 120 and y?
15
Suppose 0 = 2*k - i - 2*i - 792, -5*k + 3*i + 1980 = 0. Calculate the greatest common factor of 36 and k.
36
Suppose 19 + 7 = 2*o. What is the highest common divisor of 325 and o?
13
Suppose 0 = -16*h + 20*h - 116. Let t = h + -23. Calculate the greatest common divisor of 2 and t.
2
Let q be (63/28)/(3*(-2)/352). Let f be (834/q + 4/(-22))*-2. What is the greatest common divisor of 13 and f?
13
Let x be -1*6/2*1. Let b be x/18 - 397/(-6). Calculate the highest common divisor of 6 and b.
6
Suppose -29*j = -17*j - 240. Let h(s) = s**3 - s + 2. Let o be h(-2). Let k = j + o. Calculate the greatest common factor of 128 and k.
16
Let x be (105/28)/5 - (-834)/8. What is the highest common factor of x and 175?
35
Let s(d) = d**3 + 10*d**2 - 13*d. Let t be s(-11). Suppose 3 + t = k. Calculate the greatest common divisor of k and 225.
25
Let m(g) = 83*g + 24. Let v be m(31). Calculate the highest common divisor of 49 and v.
49
Suppose 3*b - g = -2*g + 71, -4*b = g - 94. Let a be (1 + -2 - 16) + -1. Let d be (-3730)/a + (-2)/9. Calculate the highest common divisor of d and b.
23
Let r = -220 + 260. Calculate the highest common factor of 140 and r.
20
Suppose -3*g - v + 55 = 18, 4*v + 44 = 4*g. Suppose 0 = 9*p - 753 - 3. Let j be ((-3516)/(-14))/3 - (-24)/p. Calculate the greatest common factor of j and g.
12
Let m be (-7271)/(-143) + 123/39 + -3. Calculate the highest common divisor of 663 and m.
51
Suppose 1657 = 4*c - 5*m, 5 = m - 2*m. Calculate the greatest common divisor of 34 and c.
34
Suppose -2*y - 13 = -c, -3*c = 2*y + 3 - 2. Suppose c*f - 2*f = w + 2, -w = 2*f + 5. Let h = f - -20. What is the greatest common divisor of 19 and h?
19
Suppose -2*s = 4*z - 104, 6*s = 7*s - z - 58. What is the greatest common divisor of s and 196?
28
Suppose 0 = 4*w - 5*i + 2*i - 3, -7 = 4*w - i. Let u be (-2 + 6)*w/(-12). What is the highest common factor of u and 4?
1
Let b be ((-2352)/35)/6*-5. Calculate the greatest common factor of 896 and b.
56
Let v be (4 - 6 - -3) + 1. Suppose -v*x - 2*x + 12 = 0. Let t(y) = -3*y + 3. Let w be t(-7). Calculate the greatest common divisor of w and x.
3
Let v be (-1 - 0)/(3/39). Let u = v - -15. Suppose -7 = u*b - 33. Calculate the highest common factor of 13 and b.
13
Suppose -6 = -2*q + 4*f, 5*q + 5*f + 5 = 20. Suppose q*y = y + 28. Suppose 0 = -2*r + 5 + 9. Calculate the greatest common factor of y and r.
7
Suppose -458*t - 13559 = -465*t. Calculate the highest common divisor of 13 and t.
13
Suppose -o + 128 = 125, -2*o - 134 = -2*r. What is the greatest common divisor of 56 and r?
14
Suppose 6*i + 0*i - 24 = 0. Suppose x + 999 = i*x. What is the highest common divisor of x and 37?
37
Let d(v) = 59*v**2 - 3*v + 10. Let w be d(2). Suppose -3*f + w - 222 = 0. Suppose 1 = 2*g - 3, 4*g - 12 = -2*q. What is the highest common factor of f and q?
2
Let a be (-20)/(-15) + (-14)/(-3). What is the greatest common factor of 6 and a?
6
Let r be ((-2 - 1) + -138)/(6/(-18)). Calculate the highest common factor of r and 47.
47
Let p(t) = 22*t**2 - 6*t - 26. Let h be p(-3). What is the highest common factor of h and 10?
10
Suppose -35 - 46 = -m. Calculate the highest common factor of 1053 and m.
81
Let f(h) = -2*h + 8. Let s be f(6). Let k be 2 + (s - -3) + 14. Suppose 3*r - 123 = -k. What is the greatest common divisor of r and 54?
18
Suppose -12*v + 126 = -6*v. Calculate the highest common factor of 21 and v.
21
Suppose -40 = -2*f - 3*f. Suppose f = -2*u + 4*u. Suppose -2*y - u*j = y - 730, -y = 2*j - 244. Calculate the highest common divisor of 22 and y.
22
Let a(r) = -r**2 - 21*r + 5. Let u be a(-20). Suppose -110 - u = -t. What is the greatest common factor of 15 and t?
15
Suppose -3*h + 5*h = -12. Let t be 10/((-3)/h*1). Suppose 6*o - 8*o = -t. What is the greatest common factor of 5 and o?
5
Let y be (2 + 1)*2 + 0 + -1. Let g = y - -50. What is the greatest common divisor of 10 and g?
5
Let t be -6 + ((-10)/65 - (-48)/(-26)). Let h be ((-34)/t)/((-8)/(-32)) - 4. Suppose -4*l + 3*l = -104. What is the greatest common divisor of l and h?
13
Let o = -24 + 21. Let z be ((-10)/o)/(5/(-15)). Let i be (8/z)/(40/(-100)). What is the greatest common divisor of 2 and i?
2
Suppose -7*t + 19 = 3*s - 2*t, 2*s - 34 = 2*t. Let y(u) = -u**2 - 12*u + 13. Let x be y(-12). Calculate the greatest common divisor of s and x.
13
Let j = 463 - 283. Calculate the highest common divisor of j and 20.
20
Let t(l) = 44*l + 1. Let f be t(-3). Suppose 1269 = 5*q + 209. Let n = f + q. What is the highest common divisor of 9 and n?
9
Let z = 15 + -4. Suppose z = -y + 13. Suppose -3 = -y*i + 1. What is the highest common divisor of i and 6?
2
Let a(b) = -2*b**2 + 10*b - 4. Let d be a(4). Suppose d*r - 6 - 54 = 0. What is the highest common factor of 105 and r?
15
Let v be 20/((-12)/(-8)*1/(-3)). Let f = v - -92. Calculate the greatest common divisor of f and 13.
13
Let b = -47 - -23. Let f = 40 + b. Let u = f + 270. Calculate the greatest common factor of u and 26.
26
Suppose -23*w = -15*w - 128. Calculate the greatest common divisor of w and 80.
16
Let i = -76 - -26. Let t be (-